 6) in base 4?
-130010001223
Convert -1208587 (base 12) to base 4.
-31112010313
Convert 11055212 (base 6) to base 15.
69072
What is -13120603 (base 7) in base 8?
-4444474
Convert 2318168 (base 10) to base 11.
1343746
Convert 130511 (base 9) to base 16.
1352b
Convert -13a764 (base 12) to base 10.
-329404
Convert 96228 (base 11) to base 5.
13440102
Convert -1385976 (base 10) to base 9.
-2542173
Convert -304014133 (base 5) to base 4.
-10231221113
What is 101010000010010101 (base 2) in base 5?
21002211
Convert -10212331 (base 4) to base 2.
-100100110111101
-c96209 (base 16) to base 4
-302112020021
Convert -7230747 (base 8) to base 3.
-10121012120200
What is -1110110010011000001101 (base 2) in base 14?
-72c953
Convert 1141250 (base 7) to base 8.
432230
73731 (base 11) to base 4
122031201
45210433 (base 6) to base 7
14434164
What is -487aa4 (base 15) in base 3?
-20112012221001
-100342 (base 11) to base 8
-473264
102102102122 (base 3) to base 7
1624346
-38c33 (base 14) to base 3
-21002111021
-158031 (base 12) to base 13
-ca9b7
What is -3878 (base 13) in base 10?
-8042
Convert 7743073 (base 8) to base 5.
1013113423
30414233 (base 5) to base 4
330210010
What is 221120220 (base 3) in base 16?
48de
What is 36150 (base 14) in base 4?
200032022
Convert -32bbb7 (base 14) to base 10.
-1722805
What is -5016b6 (base 12) in base 3?
-2100100102010
Convert -20100122222 (base 3) to base 5.
-13001034
-1132342401 (base 5) to base 10
-2621601
What is -1652232 (base 9) in base 4?
-3200221331
What is 201111022022 (base 3) in base 6?
12120142
Convert 142442103 (base 5) to base 10.
749653
What is 43a62 (base 11) in base 14?
19399
What is -110011111000101000 (base 2) in base 13?
-75969
What is 1320145 (base 6) in base 3?
10200122102
Convert -664a6b (base 13) to base 8.
-11142333
What is 11010000001001000100101 (base 2) in base 8?
32011045
Convert 32457 (base 11) to base 8.
134033
1751952 (base 10) to base 9
3260203
Convert -312545432 (base 6) to base 11.
-3098257
What is 22451235 (base 6) in base 10?
691079
What is 50301313 (base 7) in base 10?
4168636
-334130204 (base 6) to base 16
-5cba5c
What is -110000010011001000 (base 2) in base 15?
-3d93c
-9b5cda (base 14) to base 2
-10100001000111000011000
Convert 165123 (base 12) to base 2.
1011101010001101011
Convert -13012111132 (base 4) to base 14.
-366298
What is 1140243201 (base 5) in base 9?
5012244
121022010222 (base 3) to base 16
4e563
What is -29a906 (base 14) in base 12?
-59b576
1251021435 (base 6) to base 13
3112934
What is -1245065 (base 7) in base 8?
-475505
What is 6846 (base 11) in base 12?
5264
Convert 100134231 (base 6) to base 3.
10011222022101
Convert -13106215 (base 7) to base 9.
-2221774
What is -21133220 (base 5) in base 15?
-3780a
What is 1223211320 (base 4) in base 2?
1101011100101111000
What is 11030224 (base 5) in base 13?
34729
145c46 (base 13) to base 8
1715660
-1433352 (base 6) to base 14
-22084
Convert 39704 (base 15) to base 8.
547025
Convert -39b7b8 (base 13) to base 5.
-324141204
-10002014 (base 5) to base 10
-78384
Convert 10101110011111011011 (base 2) to base 6.
23152511
35633 (base 9) to base 16
5d24
What is 1098563 (base 12) in base 16?
30a21b
Convert 3b8cb3 (base 14) to base 8.
7670335
What is -101213220 (base 4) in base 7?
-420255
43444 (base 7) to base 12
6351
Convert -89801 (base 15) to base 12.
-190bb4
341c1e (base 16) to base 5
1333240240
23b46 (base 13) to base 10
65630
What is 1138615 (base 9) in base 6?
21114105
What is -215a52 (base 13) in base 7?
-6443251
Convert 5333 (base 9) to base 15.
1263
Convert -11446740 (base 8) to base 6.
-125445440
11211001 (base 3) to base 13
17a1
3136115 (base 7) to base 9
636885
What is 1540132 (base 6) in base 16?
16298
Convert -20102002212 (base 3) to base 6.
-2412122
What is -1403454 (base 7) in base 12?
-8b879
Convert 146a52 (base 11) to base 13.
80233
63e7b (base 15) to base 7
2460416
42525544 (base 6) to base 5
310141231
Convert -4b3a9 (base 12) to base 16.
-19071
Convert -151147 (base 11) to base 10.
-235759
-1333101432 (base 5) to base 4
-31000123101
102010201221 (base 3) to base 11
13a798
Convert -ac0b9 (base 13) to base 7.
-2436663
111110010110111 (base 2) to base 9
47714
What is 41040041 (base 5) in base 11?
206468
What is 12226521 (base 7) in base 9?
2055300
What is 5c6a3b (base 13) in base 14?
418c75
-222998 (base 11) to base 3
-200001022010
Convert -2d565 (base 14) to base 2.
-11011101110100101
-4211526 (base 8) to base 14
-211b70
What is 63744451 (base 8) in base 3?
221121211121222
Convert -5dea9 (base 15) to base 10.
-300309
4e5c3 (base 16) to base 5
40232323
What is 251488 (base 13) in base 9?
1603554
Convert 111000220 (base 4) to base 3.
11101001021
-48c28 (base 13) to base 10
-133882
What is 15331424 (base 6) in base 9?
1013757
-a8092 (base 15) to base 6
-15233215
-220022313021 (base 4) to base 3
-201210222210020
-17680 (base 15) to base 10
-75720
Convert -13022322 (base 5) to base 14.
-341bd
Convert -aee08 (base 16) to base 7.
-6042220
-a9a5 (base 13) to base 10
-23626
Convert -b651e (base 16) to base 6.
-24001154
What is 595d6 (base 16) in base 5?
43203123
Convert 5562733 (base 10) to base 8.
25160555
1100220210 (base 4) to base 7
2543622
What is 2493945 (base 11) in base 13?
b8531a
-4143104423 (base 5) to base 13
-1a0c0a5
-2c949 (base 15) to base 4
-203013210
What is 33211313132 (base 4) in base 10?
4087262
What is -21100120211100 (base 3) in base 10?
-3908772
-1106131 (base 7) to base 15
-2a70a
-81101 (base 10) to base 13
-2abb7
What is -12a5b6 (base 12) in base 11?
-1a0812
What is -40687 (base 11) in base 8?
-163771
What is 29308 (base 15) in base 12?
64698
Convert 2252233 (base 6) to base 5.
12201434
Convert -476874 (base 9) to base 2.
-1000110000111101100
Convert -115014230 (base 6) to base 4.
-20113322022
What is 12220200120 (base 3) in base 10?
116412
What is -11110101100221 (base 3) in base 4?
-21002133232
Convert -101332320 (base 4) to base 15.
-16c56
45252234 (base 7) to base 16
3bf30d
What is -54511141 (base 8) in base 3?
-211000120100001
Convert -2324231 (base 5) to base 12.
-20689
What is -84c1 (base 16) in base 3?
-1201121201
5723235 (base 8) to base 13
423664
Convert 120444 (base 9) to base 7.
421321
198684 (base 10) to base 3
101002112200
Convert -9051319 (base 10) to base 4.
-202201302313
Convert -1054245 (base 7) to base 3.
-20122220200
What is 8800 (base 16) in base 10?
34816
2201101100 (base 5) to base 8
21750140
1000001010111001111001 (base 2) to base 5
1022014232
What is -168c5 (base 16) in base 6?
-1551325
What is -5a05 (base 11) in base 6?
-100234
What is -15204201 (base 8) in base 3?
-20112120121101
What is -20303022 (base 4) in base 5?
-2123132
What is -112212111 (base 3) in base 11?
-8165
Convert -5335243 (base 6) to base 4.
-333320223
What is -271745 (base 12) in base 10?
-645605
Convert -3889d8 (base 14) to base 6.
-105403134
-1665264 (base 8) to base 3
-220200202112
Convert -243142 (base 7) to base 15.
-d201
-245598 (base 12) to base 3
-1002222102222
What is 7923689 (base 10) in base 12?
27a1575
Convert 6610850 (base 9) to base 8.
15425762
What is 10100101001010000000 (base 2) in base 6?
22255504
What is 4a683 (base 11) in base 4?
101233303
101210210212 (base 4) to base 14
87c938
-4313021 (base 5) to base 11
-4a840
What is -249b42 (base 12) in base 3?
-1010101000112
10001101110010110 (base 2) to base 6
1320034
Convert 74c40 (base 16) to base 12.
1b0940
Convert -827a8 (base 11) to base 2.
-11101011110110011
What is 41850 (base 15) in base 6?
4241450
-74439 (base 11) to base 13
-3a408
22055110 (base 6) to base 14
132b50
212002020121 (base 3) to base 15
8e94a
-564745 (base 11) to base 5
-212234241
Convert -272981 (base 11) to base 2.
-1101000100110001101
Convert 214283 (base 9) to base 12.
61b70
Convert -b0091 (base 13) to base 11.
-1a5148
What is 10112202210 (base 3) in base 2?
10001000010111000
Convert -110000100101001010011 (base 2) to base 5.
-401420031
Convert 1850e3 (base 15) to base 16.
120717
Convert 100110111122 (base 3) to base 7.
1404020
What is -2c8b4d (base 16) in base 12?
-b89465
Convert 305455142 (base 6) to base 15.
6ed8be
What is -210222022110 (base 3) in base 7?
-3451002
What is 49da (base 16) in base 10?
18906
What is 307277 (base 12) in base 8?
2712273
Convert -13020332302 (base 4)